ose -l + 1 + 12 = 0. What is the greatest common factor of l and b?
13
Suppose -1216*o = -1224*o + 1064. Suppose -2*y = 2*p - 132, p + o = 3*p + 3*y. Calculate the highest common divisor of 65 and p.
65
Let v(x) = -22*x + 22. Let u be v(1). Suppose 24*q - 267 - 4725 = u. What is the greatest common factor of q and 13?
13
Suppose 28 = -5*f + 108. Let i be 0 + -2 + f - 0. Suppose 3*n - 5*j - 348 = 0, -4*n - 22*j = -19*j - 522. What is the highest common divisor of i and n?
14
Let w(m) = -m**2 + 65*m - 225. Let h be w(40). What is the greatest common divisor of 50 and h?
25
Let f(p) be the first derivative of 10*p**3/3 - p**2/2 + 12. Let i be f(-1). Suppose 16*s - 105 = i*s. What is the highest common factor of s and 231?
21
Let j = 204 + -186. Suppose -1732 = -4*q + 4*m, -4*q + 2179 = q + 2*m. Let p = q + -291. Calculate the highest common divisor of j and p.
18
Suppose -4*s + 875 = x + 248, 5*x = -s + 171. Calculate the greatest common factor of 60 and s.
12
Let l(j) = -44*j + 531. Let o be l(12). What is the greatest common factor of 2217 and o?
3
Let m = 1125 + -1610. Let w = m + 523. Calculate the highest common divisor of w and 57.
19
Let x be 70/8 + 6/24. Let t be ((-5)/(-3))/(6/342). Let f = t - 94. What is the greatest common factor of f and x?
1
Let b be (5 - 4) + (-338)/(-2). Suppose 425309 = 11*y + 424935. What is the highest common factor of b and y?
34
Let d be 6 - (694/(-2) - 11). Calculate the highest common factor of 494 and d.
26
Let x = -54 + 48. Let p be (-31446)/(-90) + x/(-10). Suppose -74*f = -69*f - p. Calculate the greatest common factor of f and 56.
14
Let n(g) = -24*g - 94. Let z be n(-4). Suppose -10*b + 1428 = z*b. Calculate the greatest common factor of b and 34.
17
Let d(k) = 16*k**2 - 108*k - 12. Let c be d(8). Calculate the greatest common divisor of 136 and c.
4
Suppose 72*s + 101*s - 543 = -8*s. Calculate the greatest common factor of 41 and s.
1
Let m = -25 + 26. Let z(a) = a**2 + 8*a - 13. Let u be z(-11). Suppose -5*x + 4*g + 59 = 6*g, 2*x - u = g. What is the greatest common factor of m and x?
1
Suppose 126 - 16 = 5*p. Let m(k) = -15*k - 13. Let j be m(-1). What is the greatest common factor of j and p?
2
Let u(v) = 555*v + 1015. Let z be u(0). Calculate the highest common factor of z and 3625.
145
Suppose 6*h - 8*h = 2*p - 12, 0 = 3*h. Suppose 5*o + 6 = -n, -n + p = -o - 0*o. Calculate the greatest common factor of 9 and n.
1
Suppose -3*m - 9*m - 414 + 3006 = 0. What is the greatest common divisor of 1782 and m?
54
Let w = -5169 - -13529. What is the greatest common factor of 88 and w?
88
Let s(r) = 2*r**2 + 3*r + 3. Suppose 0 = q + q - 6. Let b be s(q). Let o be 13 + 42/(-7) + -3 + 6. Calculate the greatest common factor of b and o.
10
Suppose 16137 = -19*f + 40685. What is the highest common factor of f and 22287?
323
Suppose 0 = 5*p - 10*p - n + 18, -4*p + 14 = n. Calculate the greatest common factor of 116 and p.
4
Suppose 77*r + 49*r - 777478 = -95*r. What is the highest common divisor of 2 and r?
2
Let c(x) = -x**2 - 16*x - 11. Let p be c(-15). Suppose -p*m = -m + 330. Let n = 198 + m. Calculate the greatest common factor of n and 11.
11
Suppose -6789 - 6659 = -41*n. What is the highest common factor of 4387 and n?
41
Let v be ((-9)/12)/(2/(-8)). Suppose -24*l - 255 = -639. Suppose -2*t + u + 47 = 0, -t = u - 0*u - l. What is the greatest common factor of t and v?
3
Let o be (7 - 16)*(-8)/(-12) - -26. Calculate the highest common divisor of o and 10180.
20
Let c be 2/(-3) + (-24)/18. Let j be (-48)/c - 1 - (-32 + 29). Suppose -2*y + 3*y - j = 0. Calculate the greatest common divisor of 39 and y.
13
Let v be -2 - -22 - (3 + -1). Let o be 1 - 0 - ((-1302)/(-210))/(4/(-40)). Calculate the highest common factor of v and o.
9
Suppose -15656 + 91832 = 16*i. Calculate the highest common divisor of 621 and i.
207
Let y be ((1*2)/((-384)/3408))/((-5)/20). Calculate the greatest common factor of 19241 and y.
71
Suppose -30*g + 304 = 2*b - 28*g, -b + 137 = -4*g. Let v = b + 472. What is the highest common factor of v and 27?
27
Let g(i) = i**3 + 9*i**2 + 20*i + 2. Let m be g(-5). Suppose h - 205 = -5*q, -3*h + 34 = m*q - 35. What is the greatest common divisor of q and 56?
14
Let h be -18*(-5)/3 - (4 - 0). Let p = h + 13. Let a = -21 + p. What is the greatest common factor of a and 2?
2
Suppose -25*x = -30*x + 525. Let u = -91 + x. What is the highest common factor of u and 63?
7
Let n = 2813 + -2803. Calculate the greatest common factor of n and 1910.
10
Let n(w) = 393*w**3 - 183*w**2 + 362*w - 4. Let f be n(2). What is the highest common factor of f and 189?
27
Suppose 92*d - 53372 - 50040 = -11*d. Suppose 4*g = 22 - 6, 3*g + 2088 = -3*l. Let h = d + l. Calculate the greatest common factor of h and 38.
38
Let g(q) = 6*q**2 + 98*q**3 - 5*q**2 - q**2 + q. Let o be g(1). Suppose 14 + 67 = 9*y. What is the greatest common factor of y and o?
9
Let m = -726 + 1130. What is the greatest common factor of 16 and m?
4
Suppose -269*x + 42882 = 12754. What is the greatest common factor of x and 3136?
112
Suppose 65 = 5*c + 5*a, -51 = -4*c - 2*a - 3*a. Let r be ((-42)/(-15))/(2/70). What is the highest common divisor of r and c?
14
Let c be ((-255)/15)/(1/(-3)). Let w = 53 - c. Suppose w*p - 9 = -5*t + 41, 29 = 2*t - p. Calculate the highest common divisor of t and 12.
12
Let l(n) be the second derivative of 17*n**3/3 - 13*n**2 - n - 5. Let a be l(1). Calculate the greatest common factor of a and 36.
4
Let k(z) = -2*z + 14. Suppose 12 = 3*o + 9. Let u(i) = i + 4. Let s be u(o). Let h be k(s). Calculate the greatest common divisor of h and 32.
4
Let r = -2509 - -2515. Suppose -13 = -2*c - 1. What is the greatest common divisor of r and c?
6
Let o = -1577 + 2370. Calculate the highest common divisor of o and 122.
61
Let z = -369 - -513. Suppose -8*p - z + 488 = 0. Suppose 617 = y + 230. Calculate the greatest common divisor of p and y.
43
Suppose -3*q = 5*w - 2*w + 27, 3*q + 2*w + 28 = 0. Let k be (-450)/q*(-26)/(-5). What is the highest common divisor of k and 156?
78
Let h(j) = -3*j**3 - 45*j**2 - 33*j - 36. Let r be h(-15). Calculate the greatest common divisor of r and 1107.
27
Let g = -266 - -269. Suppose -q + 2*z + 88 = -42, -q - g*z = -120. Calculate the highest common divisor of 72 and q.
18
Let i(n) = 13*n**3 + 162*n**2 - 93*n - 8. Let d be i(-13). Let m be 6/(2/4*4). Suppose -m*y + 43 = -92. What is the highest common factor of y and d?
9
Let w be (-345891)/(-441) - (8/6 + -1). What is the greatest common factor of 294 and w?
98
Let r be -5 + 12 - -205 - -7. What is the greatest common divisor of r and 3?
3
Suppose 3*t - 3*t - 225 = -25*t. What is the greatest common divisor of 25 and t?
1
Let x = -62 + 87. Let s = 612 + -591. Suppose s*o = x*o - 760. Calculate the highest common divisor of 19 and o.
19
Suppose 69*g + 275 = 94*g. Let x(r) = 13*r**3 + r**2 - r + 4. Let i be x(2). What is the greatest common factor of i and g?
11
Let w = 1216 - -11909. What is the highest common factor of w and 25?
25
Suppose 2*w - 492 = -2*n, 7*w - 2*n = 10*w - 742. Let x = 280 - w. What is the greatest common divisor of 30 and x?
30
Let o be (-2 - -5) + (-207)/(-3). Let l be (0 - -1) + (104 - 41). Let b = l + 44. Calculate the greatest common factor of o and b.
36
Suppose 4*i - 804 = -2*b, 2*i - 9*b - 402 = -14*b. Calculate the highest common factor of 1742 and i.
67
Let b(s) = -s**3 - 7*s**2 + 11*s + 7. Let h be b(-7). Let v(m) = 2*m - 14. Let a be v(-3). Let f = a - h. Calculate the greatest common factor of f and 10.
10
Let v be 51/(-6)*2*1. Let n(y) = -2*y - 32. Let m be n(v). Suppose 0 = -m*i + 5*i - 66. What is the highest common divisor of i and 44?
22
Suppose 102*j - 114*j = -73695 + 9471. Calculate the greatest common factor of 16 and j.
8
Let p be 3 + -3 + 10/(2/1). Suppose -3*b = u - 0*u - 3, 5*b = p*u - 35. What is the highest common divisor of u and 264?
6
Suppose 0 = -802*p + 777*p + 500. Let f = 104 - 64. What is the greatest common factor of f and p?
20
Suppose 14*w - 7*w = -6*w + 373633. Calculate the greatest common divisor of w and 41.
41
Let z = -60 - -65. Let v = 37 - 33. Let o be 3 + (v - 7) + 35. What is the highest common factor of z and o?
5
Let j be 6*1*8/(5 + -21). Let a be -15*j*(-6)/(-54). Calculat